rime factors of 13073?
17, 769
List the prime factors of 42119.
7, 11, 547
What are the prime factors of 150?
2, 3, 5
What are the prime factors of 102069?
3, 11, 1031
What are the prime factors of 1279?
1279
List the prime factors of 35777.
7, 19, 269
List the prime factors of 146620.
2, 5, 7331
List the prime factors of 1673.
7, 239
List the prime factors of 117244.
2, 29311
List the prime factors of 2608.
2, 163
What are the prime factors of 34279?
7, 59, 83
List the prime factors of 5299.
7, 757
List the prime factors of 556.
2, 139
List the prime factors of 64776.
2, 3, 2699
What are the prime factors of 476?
2, 7, 17
What are the prime factors of 118525?
5, 11, 431
List the prime factors of 60613.
7, 1237
What are the prime factors of 3383?
17, 199
What are the prime factors of 1069?
1069
List the prime factors of 1511.
1511
What are the prime factors of 23794?
2, 11897
List the prime factors of 14656.
2, 229
What are the prime factors of 169667?
169667
What are the prime factors of 8151?
3, 11, 13, 19
List the prime factors of 11710.
2, 5, 1171
List the prime factors of 2550.
2, 3, 5, 17
List the prime factors of 95183.
11, 17, 509
What are the prime factors of 8536?
2, 11, 97
What are the prime factors of 5103?
3, 7
What are the prime factors of 6764?
2, 19, 89
List the prime factors of 18629.
13, 1433
What are the prime factors of 2454?
2, 3, 409
What are the prime factors of 138?
2, 3, 23
What are the prime factors of 748?
2, 11, 17
List the prime factors of 4909.
4909
List the prime factors of 5571.
3, 619
What are the prime factors of 5406?
2, 3, 17, 53
What are the prime factors of 1492?
2, 373
List the prime factors of 7928.
2, 991
What are the prime factors of 1983?
3, 661
What are the prime factors of 98140?
2, 5, 7, 701
List the prime factors of 85702.
2, 73, 587
List the prime factors of 55206.
2, 3, 3067
List the prime factors of 3807.
3, 47
What are the prime factors of 18142?
2, 47, 193
What are the prime factors of 170345?
5, 7, 31, 157
List the prime factors of 58.
2, 29
What are the prime factors of 44866?
2, 22433
What are the prime factors of 6306?
2, 3, 1051
List the prime factors of 427.
7, 61
List the prime factors of 567.
3, 7
What are the prime factors of 8487?
3, 23, 41
List the prime factors of 593.
593
List the prime factors of 445.
5, 89
What are the prime factors of 7381?
11, 61
List the prime factors of 3105.
3, 5, 23
What are the prime factors of 189?
3, 7
What are the prime factors of 4585?
5, 7, 131
What are the prime factors of 87187?
87187
What are the prime factors of 6126?
2, 3, 1021
What are the prime factors of 1635?
3, 5, 109
What are the prime factors of 76774?
2, 23, 1669
List the prime factors of 5364.
2, 3, 149
What are the prime factors of 1808?
2, 113
What are the prime factors of 893?
19, 47
List the prime factors of 352.
2, 11
List the prime factors of 93565.
5, 18713
What are the prime factors of 591?
3, 197
What are the prime factors of 36443?
11, 3313
What are the prime factors of 3389?
3389
What are the prime factors of 25307?
25307
List the prime factors of 4797.
3, 13, 41
What are the prime factors of 6968?
2, 13, 67
List the prime factors of 390.
2, 3, 5, 13
List the prime factors of 9050.
2, 5, 181
List the prime factors of 67480.
2, 5, 7, 241
What are the prime factors of 5170?
2, 5, 11, 47
List the prime factors of 21838.
2, 61, 179
List the prime factors of 10112.
2, 79
List the prime factors of 530.
2, 5, 53
List the prime factors of 1398.
2, 3, 233
List the prime factors of 16740.
2, 3, 5, 31
List the prime factors of 2635.
5, 17, 31
What are the prime factors of 4971?
3, 1657
List the prime factors of 5052.
2, 3, 421
What are the prime factors of 75714?
2, 3, 12619
What are the prime factors of 20042?
2, 11, 911
What are the prime factors of 1002?
2, 3, 167
What are the prime factors of 1356?
2, 3, 113
What are the prime factors of 6433?
7, 919
What are the prime factors of 291?
3, 97
What are the prime factors of 3423?
3, 7, 163
What are the prime factors of 7146?
2, 3, 397
What are the prime factors of 34455?
3, 5, 2297
List the prime factors of 5905.
5, 1181
What are the prime factors of 20992?
2, 41
List the prime factors of 28847.
7, 13, 317
List the prime factors of 4646.
2, 23, 101
List the prime factors of 1063.
1063
What are the prime factors of 268?
2, 67
What are the prime factors of 47531?
11, 29, 149
What are the prime factors of 131270?
2, 5, 13127
What are the prime factors of 782?
2, 17, 23
List the prime factors of 1981.
7, 283
What are the prime factors of 782?
2, 17, 23
What are the prime factors of 153?
3, 17
What are the prime factors of 954?
2, 3, 53
List the prime factors of 22692.
2, 3, 31, 61
What are the prime factors of 33121?
11, 3011
What are the prime factors of 1059?
3, 353
List the prime factors of 206.
2, 103
List the prime factors of 208945.
5, 11, 29, 131
List the prime factors of 329.
7, 47
List the prime factors of 2320.
2, 5, 29
List the prime factors of 28080.
2, 3, 5, 13
What are the prime factors of 26245?
5, 29, 181
What are the prime factors of 65192?
2, 29, 281
List the prime factors of 57398.
2, 11, 2609
What are the prime factors of 871?
13, 67
List the prime factors of 3118.
2, 1559
What are the prime factors of 1990?
2, 5, 199
List the prime factors of 1210.
2, 5, 11
List the prime factors of 466.
2, 233
What are the prime factors of 1121?
19, 59
List the prime factors of 3579.
3, 1193
List the prime factors of 11702.
2, 5851
List the prime factors of 410.
2, 5, 41
What are the prime factors of 32768?
2
What are the prime factors of 54682?
2, 19, 1439
What are the prime factors of 63097?
63097
What are the prime factors of 580?
2, 5, 29
What are the prime factors of 2439?
3, 271
What are the prime factors of 11006?
2, 5503
What are the prime factors of 5581?
5581
What are the prime factors of 6782?
2, 3391
List the prime factors of 136851.
3, 11, 13, 29
What are the prime factors of 2399?
2399
List the prime factors of 16110.
2, 3, 5, 179
List the prime factors of 3105.
3, 5, 23
List the prime factors of 50584.
2, 6323
List the prime factors of 329.
7, 47
What are the prime factors of 1688?
2, 211
What are the prime factors of 2721?
3, 907
List the prime factors of 18031.
13, 19, 73
What are the prime factors of 100?
2, 5
List the prime factors of 3999.
3, 31, 43
List the prime factors of 31544.
2, 3943
List the prime factors of 4563.
3, 13
What are the prime factors of 974?
2, 487
List the prime factors of 36481.
191
What are the prime factors of 10258?
2, 23, 223
What are the prime factors of 1213?
1213
List the prime factors of 18761.
73, 257
List the prime factors of 28037.
23, 53
What are the prime factors of 23472?
2, 3, 163
List the prime factors of 1691.
19, 89
What are the prime factors of 8433?
3, 937
List the prime factors of 2920.
2, 5, 73
What are the prime factors of 61140?
2, 3, 5, 1019
List the prime factors of 2725.
5, 109
List the prime factors of 138.
2, 3, 23
What are the prime factors of 31161?
3, 13, 17, 47
List the prime factors of 5492.
2, 1373
What are the prime factors of 9334?
2, 13, 359
What are the prime factors of 16889?
16889
List the prime factors of 6810.
2, 3, 5, 227
What are the prime factors of 708?
2, 3, 59
List the prime factors of 54057.
3, 37, 487
What are the prime factors of 46?
2, 23
List the prime factors of 899.
29, 31
What are the prime factors of 2429?
7, 347
What are the prime factors of 4506?
2, 3, 751
What are the prime factors of 16476?
2, 3, 1373
List the prime factors of 3929.
3929
List the prime factors of 1694.
2, 7, 11
List the prime factors of 17155.
5, 47, 73
List the prime factors of 471.
3, 157
List the prime factors of 5764.
2, 11, 131
What are the prime factors of 6859?
19
What are the prime factors of 4457?
4457
What are the prime factors of 2555?
5, 7, 73
List the prime factors of 386.
2, 193
List the prime factors of 14849.
31, 479
What are the prime factors of 1294?
2, 647
What are the prime factors of 14560?
2, 5, 7, 13
List the prime factors of 17142.
2, 3, 2857
List the prime factors of 1803.
3, 601
What are the prime factors of 140?
2, 5, 7
What are the prime factors of 30646?
2, 7, 11, 199
What are the prime factors of 30432?
2, 3, 317
List the prime fac